{"id":42,"date":"2023-06-03T10:03:13","date_gmt":"2023-06-03T08:03:13","guid":{"rendered":"https:\/\/www.unikin.ac.cd\/fac\/fpsysed\/?page_id=42"},"modified":"2023-07-30T20:05:11","modified_gmt":"2023-07-30T18:05:11","slug":"vice-decanat-charge-de-la-recherche","status":"publish","type":"page","link":"https:\/\/www.unikin.ac.cd\/fac\/fpsysed\/?page_id=42","title":{"rendered":"Vice d\u00e9canat charg\u00e9 de la recherche"},"content":{"rendered":"\n<hr class=\"wp-block-separator has-alpha-channel-opacity\"\/>\n\n\n<div class=\"wp-block-image\">\n<figure class=\"aligncenter size-large is-resized\"><img fetchpriority=\"high\" decoding=\"async\" src=\"https:\/\/www.unikin.ac.cd\/fac\/fpsysed\/wp-content\/uploads\/2023\/06\/IMG_20230614_115252_000-edited-scaled.jpg\" alt=\"\" class=\"wp-image-428\" width=\"788\" height=\"451\"\/><\/figure><\/div>\n\n\n<p class=\"has-text-align-center\">Vice d\u00e9canat charg\u00e9 de la recherche<\/p>\n\n\n\n<p class=\"has-text-align-center\">Ce bureau est sous la supervision du Professeur&nbsp;Delly LUFUNGULA qui est le Vice-Doyen Charg\u00e9 de la Recherche<\/p>\n\n\n\n<div class=\"wp-block-buttons is-content-justification-center is-layout-flex wp-container-core-buttons-is-layout-1 wp-block-buttons-is-layout-flex\">\n<div class=\"wp-block-button has-custom-font-size has-small-font-size\" style=\"text-decoration:none\"><a class=\"wp-block-button__link has-vivid-red-background-color has-background has-text-align-center wp-element-button\" href=\"https:\/\/www.unikin.ac.cd\/fac\/fpsysed\/vice-decanat-charge-de-la-recherche\/profil-de-vice-doyen-charge-de-la-recherche\/(ouvre un nouvel onglet)\" target=\"_blank\" rel=\"noreferrer noopener\">Profil<\/a><\/div>\n<\/div>\n\n\n\n<hr class=\"wp-block-separator has-alpha-channel-opacity\"\/>\n\n\n\n<div class=\"wp-block-columns alignwide has-cyan-bluish-gray-background-color has-background is-layout-flex wp-container-core-columns-is-layout-1 wp-block-columns-is-layout-flex\">\n<div class=\"wp-block-column is-layout-flow wp-block-column-is-layout-flow\" style=\"flex-basis:50%\">\n<figure class=\"wp-block-image\"><img decoding=\"async\" width=\"1024\" height=\"580\" src=\"https:\/\/www.unikin.ac.cd\/fac\/fpsysed\/wp-content\/uploads\/2023\/06\/1200x680_essaijoblookgettyimages-1319571139-1024x580.jpg\" alt=\"\" class=\"wp-image-116\" srcset=\"https:\/\/www.unikin.ac.cd\/fac\/fpsysed\/wp-content\/uploads\/2023\/06\/1200x680_essaijoblookgettyimages-1319571139-1024x580.jpg 1024w, https:\/\/www.unikin.ac.cd\/fac\/fpsysed\/wp-content\/uploads\/2023\/06\/1200x680_essaijoblookgettyimages-1319571139-300x170.jpg 300w, https:\/\/www.unikin.ac.cd\/fac\/fpsysed\/wp-content\/uploads\/2023\/06\/1200x680_essaijoblookgettyimages-1319571139-768x435.jpg 768w, https:\/\/www.unikin.ac.cd\/fac\/fpsysed\/wp-content\/uploads\/2023\/06\/1200x680_essaijoblookgettyimages-1319571139.jpg 1200w\" sizes=\"(max-width: 1024px) 100vw, 1024px\" \/><\/figure>\n\n\n\n<p>Le nom du personne<\/p>\n<\/div>\n\n\n\n<div class=\"wp-block-column is-layout-flow wp-block-column-is-layout-flow\" style=\"flex-basis:50%\">\n<p>description du personne<\/p>\n<\/div>\n<\/div>\n\n\n\n<hr class=\"wp-block-separator has-alpha-channel-opacity\"\/>\n\n\n\n<div class=\"wp-block-columns alignwide has-cyan-bluish-gray-background-color has-background is-layout-flex wp-container-core-columns-is-layout-2 wp-block-columns-is-layout-flex\">\n<div class=\"wp-block-column is-layout-flow wp-block-column-is-layout-flow\" style=\"flex-basis:50%\">\n<figure class=\"wp-block-image\"><img decoding=\"async\" width=\"1024\" height=\"580\" src=\"https:\/\/www.unikin.ac.cd\/fac\/fpsysed\/wp-content\/uploads\/2023\/06\/1200x680_essaijoblookgettyimages-1319571139-1024x580.jpg\" alt=\"\" class=\"wp-image-116\" srcset=\"https:\/\/www.unikin.ac.cd\/fac\/fpsysed\/wp-content\/uploads\/2023\/06\/1200x680_essaijoblookgettyimages-1319571139-1024x580.jpg 1024w, https:\/\/www.unikin.ac.cd\/fac\/fpsysed\/wp-content\/uploads\/2023\/06\/1200x680_essaijoblookgettyimages-1319571139-300x170.jpg 300w, https:\/\/www.unikin.ac.cd\/fac\/fpsysed\/wp-content\/uploads\/2023\/06\/1200x680_essaijoblookgettyimages-1319571139-768x435.jpg 768w, https:\/\/www.unikin.ac.cd\/fac\/fpsysed\/wp-content\/uploads\/2023\/06\/1200x680_essaijoblookgettyimages-1319571139.jpg 1200w\" sizes=\"(max-width: 1024px) 100vw, 1024px\" \/><\/figure>\n\n\n\n<p>Le nom du personne<\/p>\n<\/div>\n\n\n\n<div class=\"wp-block-column is-layout-flow wp-block-column-is-layout-flow\" style=\"flex-basis:50%\">\n<p>description du personne<\/p>\n<\/div>\n<\/div>\n\n\n\n<hr class=\"wp-block-separator has-alpha-channel-opacity\"\/>\n\n\n\n<div class=\"wp-block-columns alignwide has-cyan-bluish-gray-background-color has-background is-layout-flex wp-container-core-columns-is-layout-3 wp-block-columns-is-layout-flex\">\n<div class=\"wp-block-column is-layout-flow wp-block-column-is-layout-flow\" style=\"flex-basis:50%\">\n<figure class=\"wp-block-image\"><img decoding=\"async\" width=\"1024\" height=\"580\" src=\"https:\/\/www.unikin.ac.cd\/fac\/fpsysed\/wp-content\/uploads\/2023\/06\/1200x680_essaijoblookgettyimages-1319571139-1024x580.jpg\" alt=\"\" class=\"wp-image-116\" srcset=\"https:\/\/www.unikin.ac.cd\/fac\/fpsysed\/wp-content\/uploads\/2023\/06\/1200x680_essaijoblookgettyimages-1319571139-1024x580.jpg 1024w, https:\/\/www.unikin.ac.cd\/fac\/fpsysed\/wp-content\/uploads\/2023\/06\/1200x680_essaijoblookgettyimages-1319571139-300x170.jpg 300w, https:\/\/www.unikin.ac.cd\/fac\/fpsysed\/wp-content\/uploads\/2023\/06\/1200x680_essaijoblookgettyimages-1319571139-768x435.jpg 768w, https:\/\/www.unikin.ac.cd\/fac\/fpsysed\/wp-content\/uploads\/2023\/06\/1200x680_essaijoblookgettyimages-1319571139.jpg 1200w\" sizes=\"(max-width: 1024px) 100vw, 1024px\" \/><\/figure>\n\n\n\n<p>Le nom du personne<\/p>\n<\/div>\n\n\n\n<div class=\"wp-block-column is-layout-flow wp-block-column-is-layout-flow\" style=\"flex-basis:50%\">\n<p>description du personne<\/p>\n<\/div>\n<\/div>\n\n\n\n<hr class=\"wp-block-separator has-alpha-channel-opacity\"\/>\n\n\n\n<div class=\"wp-block-buttons is-layout-flex wp-block-buttons-is-layout-flex\">\n<div class=\"wp-block-button\" style=\"text-decoration:none\"><a class=\"wp-block-button__link has-pale-cyan-blue-background-color has-background wp-element-button\">Share on twitter<\/a><\/div>\n\n\n\n<div class=\"wp-block-button\" style=\"text-decoration:none\"><a class=\"wp-block-button__link has-background wp-element-button\" style=\"background-color:#0f4260\">Share on Facebook<\/a><\/div>\n\n\n\n<div class=\"wp-block-button\" style=\"text-decoration:none\"><a class=\"wp-block-button__link has-vivid-cyan-blue-background-color has-background wp-element-button\">Share on LinkedIn <\/a><\/div>\n<\/div>\n\n\n\n<hr class=\"wp-block-separator has-alpha-channel-opacity\"\/>\n","protected":false},"excerpt":{"rendered":"<p>Vice d\u00e9canat charg\u00e9 de la recherche Ce bureau est sous la supervision du Professeur&nbsp;Delly LUFUNGULA qui est le Vice-Doyen Charg\u00e9 de la Recherche Le nom du personne description du personne Le nom du personne description du personne Le nom du personne description du personne<\/p>\n","protected":false},"author":1,"featured_media":0,"parent":0,"menu_order":0,"comment_status":"closed","ping_status":"closed","template":"","meta":{"footnotes":""},"class_list":["post-42","page","type-page","status-publish","hentry"],"_links":{"self":[{"href":"https:\/\/www.unikin.ac.cd\/fac\/fpsysed\/index.php?rest_route=\/wp\/v2\/pages\/42"}],"collection":[{"href":"https:\/\/www.unikin.ac.cd\/fac\/fpsysed\/index.php?rest_route=\/wp\/v2\/pages"}],"about":[{"href":"https:\/\/www.unikin.ac.cd\/fac\/fpsysed\/index.php?rest_route=\/wp\/v2\/types\/page"}],"author":[{"embeddable":true,"href":"https:\/\/www.unikin.ac.cd\/fac\/fpsysed\/index.php?rest_route=\/wp\/v2\/users\/1"}],"replies":[{"embeddable":true,"href":"https:\/\/www.unikin.ac.cd\/fac\/fpsysed\/index.php?rest_route=%2Fwp%2Fv2%2Fcomments&post=42"}],"version-history":[{"count":25,"href":"https:\/\/www.unikin.ac.cd\/fac\/fpsysed\/index.php?rest_route=\/wp\/v2\/pages\/42\/revisions"}],"predecessor-version":[{"id":834,"href":"https:\/\/www.unikin.ac.cd\/fac\/fpsysed\/index.php?rest_route=\/wp\/v2\/pages\/42\/revisions\/834"}],"wp:attachment":[{"href":"https:\/\/www.unikin.ac.cd\/fac\/fpsysed\/index.php?rest_route=%2Fwp%2Fv2%2Fmedia&parent=42"}],"curies":[{"name":"wp","href":"https:\/\/api.w.org\/{rel}","templated":true}]}}