{"id":46,"date":"2023-06-03T10:04:23","date_gmt":"2023-06-03T08:04:23","guid":{"rendered":"https:\/\/www.unikin.ac.cd\/fac\/fpsysed\/?page_id=46"},"modified":"2023-06-22T15:57:45","modified_gmt":"2023-06-22T13:57:45","slug":"secretariat-academique-diplome-signe","status":"publish","type":"page","link":"https:\/\/www.unikin.ac.cd\/fac\/fpsysed\/?page_id=46","title":{"rendered":"Secr\u00e9tariat acad\u00e9mique dipl\u00f4me sign\u00e9"},"content":{"rendered":"\n<hr class=\"wp-block-separator has-alpha-channel-opacity\"\/>\n\n\n\n<figure class=\"wp-block-image size-full is-resized\"><img fetchpriority=\"high\" decoding=\"async\" src=\"https:\/\/www.unikin.ac.cd\/fac\/fpsysed\/wp-content\/uploads\/2023\/06\/telechargement-2.jpg\" alt=\"\" class=\"wp-image-329\" width=\"872\" height=\"499\"\/><\/figure>\n\n\n\n<hr class=\"wp-block-separator has-alpha-channel-opacity\"\/>\n\n\n\n<h2 class=\"wp-block-heading\">Nom du Personne<\/h2>\n\n\n\n<h3 class=\"wp-block-heading\">Professeur<\/h3>\n\n\n\n<p>Docteur en droit l\u2019Universit\u00e9 de Kinshasa<\/p>\n\n\n\n<p class=\"has-text-color\" style=\"color:#0f354c;font-size:23px;text-decoration:underline\"><strong>Profil<\/strong><\/p>\n\n\n\n<p><strong><u>Etudes faites<\/u><\/strong>&nbsp;:<\/p>\n\n\n\n<p>Docteur en Droit (<strong>UNIKIN-RDC en 2011<\/strong>) et Dipl\u00f4m\u00e9 d\u2019Etudes Sp\u00e9cialis\u00e9es en Droit Economique (<strong>UCL-Belgique en 2002<\/strong>).<\/p>\n\n\n\n<p><strong><u>Domaines de recherche<\/u><\/strong>&nbsp;:<\/p>\n\n\n\n<p>Finances publiques et fiscalit\u00e9 (aspects nationaux et internationaux)&nbsp;; Droit financier, Droit de l\u2019entreprise, Droit \u00e9conomique (aspects nationaux et internationaux)&nbsp;; Droit de transfert des capitaux et des investissements.<\/p>\n\n\n\n<p><strong><u>Activit\u00e9s acad\u00e9miques et Scientifiques<\/u><\/strong>&nbsp;:<\/p>\n\n\n\n<p><\/p>\n\n\n\n<p><strong><u>Publications&nbsp;:<\/u><\/strong><\/p>\n\n\n\n<p><\/p>\n\n\n\n<hr class=\"wp-block-separator has-alpha-channel-opacity\"\/>\n\n\n\n<h2 class=\"wp-block-heading\">Dipl\u00f4me sign\u00e9<\/h2>\n\n\n\n<figure class=\"wp-block-table is-style-regular\" style=\"font-size:24px\"><table class=\"has-vivid-cyan-blue-color has-white-background-color has-text-color has-background has-fixed-layout\"><tbody><tr><td class=\"has-text-align-left\" data-align=\"left\"><br><br>Noms<br><br><\/td><td>Postnoms<\/td><td>Pr\u00e9nom<\/td><td>Ann\u00e9e acad<\/td><td>Nature<\/td><td>Num\u00e9ro<\/td><\/tr><tr><td class=\"has-text-align-left\" data-align=\"left\"><\/td><td><\/td><td><\/td><td><\/td><td><\/td><td><\/td><\/tr><tr><td class=\"has-text-align-left\" data-align=\"left\"><\/td><td><\/td><td><\/td><td><\/td><td><\/td><td><\/td><\/tr><tr><td class=\"has-text-align-left\" data-align=\"left\"><\/td><td><\/td><td><\/td><td><\/td><td><\/td><td><\/td><\/tr><tr><td class=\"has-text-align-left\" data-align=\"left\"><\/td><td><\/td><td><\/td><td><\/td><td><\/td><td><\/td><\/tr><tr><td class=\"has-text-align-left\" data-align=\"left\"><\/td><td><\/td><td><\/td><td><\/td><td><\/td><td><\/td><\/tr><tr><td class=\"has-text-align-left\" data-align=\"left\"><\/td><td><\/td><td><\/td><td><\/td><td><\/td><td><\/td><\/tr><tr><td class=\"has-text-align-left\" data-align=\"left\"><\/td><td><\/td><td><\/td><td><\/td><td><\/td><td><\/td><\/tr><tr><td class=\"has-text-align-left\" data-align=\"left\"><\/td><td><\/td><td><\/td><td><\/td><td><\/td><td><\/td><\/tr><tr><td class=\"has-text-align-left\" data-align=\"left\"><\/td><td><\/td><td><\/td><td><\/td><td><\/td><td><\/td><\/tr><tr><td class=\"has-text-align-left\" data-align=\"left\"><\/td><td><\/td><td><\/td><td><\/td><td><\/td><td><\/td><\/tr><tr><td class=\"has-text-align-left\" data-align=\"left\"><\/td><td><\/td><td><\/td><td><\/td><td><\/td><td><\/td><\/tr><tr><td class=\"has-text-align-left\" data-align=\"left\"><\/td><td><\/td><td><\/td><td><\/td><td><\/td><td><\/td><\/tr><tr><td class=\"has-text-align-left\" data-align=\"left\"><\/td><td><\/td><td><\/td><td><\/td><td><\/td><td><\/td><\/tr><tr><td class=\"has-text-align-left\" data-align=\"left\"><\/td><td><\/td><td><\/td><td><\/td><td><\/td><td><\/td><\/tr><\/tbody><\/table><\/figure>\n","protected":false},"excerpt":{"rendered":"<p>Nom du Personne Professeur Docteur en droit l\u2019Universit\u00e9 de Kinshasa Profil Etudes faites&nbsp;: Docteur en Droit (UNIKIN-RDC en 2011) et Dipl\u00f4m\u00e9 d\u2019Etudes Sp\u00e9cialis\u00e9es en Droit Economique (UCL-Belgique en 2002). Domaines de recherche&nbsp;: Finances publiques et fiscalit\u00e9 (aspects nationaux et internationaux)&nbsp;; Droit financier, Droit de l\u2019entreprise, Droit \u00e9conomique (aspects nationaux et internationaux)&nbsp;; Droit de transfert des&hellip; <br \/> <a class=\"read-more\" href=\"https:\/\/www.unikin.ac.cd\/fac\/fpsysed\/?page_id=46\">Lire la suite<\/a><\/p>\n","protected":false},"author":1,"featured_media":23,"parent":0,"menu_order":0,"comment_status":"closed","ping_status":"closed","template":"","meta":{"footnotes":""},"class_list":["post-46","page","type-page","status-publish","has-post-thumbnail","hentry"],"_links":{"self":[{"href":"https:\/\/www.unikin.ac.cd\/fac\/fpsysed\/index.php?rest_route=\/wp\/v2\/pages\/46"}],"collection":[{"href":"https:\/\/www.unikin.ac.cd\/fac\/fpsysed\/index.php?rest_route=\/wp\/v2\/pages"}],"about":[{"href":"https:\/\/www.unikin.ac.cd\/fac\/fpsysed\/index.php?rest_route=\/wp\/v2\/types\/page"}],"author":[{"embeddable":true,"href":"https:\/\/www.unikin.ac.cd\/fac\/fpsysed\/index.php?rest_route=\/wp\/v2\/users\/1"}],"replies":[{"embeddable":true,"href":"https:\/\/www.unikin.ac.cd\/fac\/fpsysed\/index.php?rest_route=%2Fwp%2Fv2%2Fcomments&post=46"}],"version-history":[{"count":22,"href":"https:\/\/www.unikin.ac.cd\/fac\/fpsysed\/index.php?rest_route=\/wp\/v2\/pages\/46\/revisions"}],"predecessor-version":[{"id":494,"href":"https:\/\/www.unikin.ac.cd\/fac\/fpsysed\/index.php?rest_route=\/wp\/v2\/pages\/46\/revisions\/494"}],"wp:featuredmedia":[{"embeddable":true,"href":"https:\/\/www.unikin.ac.cd\/fac\/fpsysed\/index.php?rest_route=\/wp\/v2\/media\/23"}],"wp:attachment":[{"href":"https:\/\/www.unikin.ac.cd\/fac\/fpsysed\/index.php?rest_route=%2Fwp%2Fv2%2Fmedia&parent=46"}],"curies":[{"name":"wp","href":"https:\/\/api.w.org\/{rel}","templated":true}]}}