{"id":637,"date":"2023-07-23T21:21:03","date_gmt":"2023-07-23T19:21:03","guid":{"rendered":"https:\/\/www.unikin.ac.cd\/fac\/fpsysed\/?page_id=637"},"modified":"2023-09-06T16:13:11","modified_gmt":"2023-09-06T14:13:11","slug":"profil","status":"publish","type":"page","link":"https:\/\/www.unikin.ac.cd\/fac\/fpsysed\/?page_id=637","title":{"rendered":"Profil du Doyen de la Facult\u00e9"},"content":{"rendered":"\n<div class=\"wp-block-media-text alignwide is-stacked-on-mobile is-image-fill has-background has-small-font-size\" style=\"background-color:#120c82;grid-template-columns:49% auto\"><figure class=\"wp-block-media-text__media\" style=\"background-image:url(https:\/\/www.unikin.ac.cd\/fac\/fpsysed\/wp-content\/uploads\/2023\/07\/img-doyen-2.jpg);background-position:50% 50%\"><img fetchpriority=\"high\" decoding=\"async\" width=\"694\" height=\"576\" src=\"https:\/\/www.unikin.ac.cd\/fac\/fpsysed\/wp-content\/uploads\/2023\/07\/img-doyen-2.jpg\" alt=\"\" class=\"wp-image-810 size-large\" srcset=\"https:\/\/www.unikin.ac.cd\/fac\/fpsysed\/wp-content\/uploads\/2023\/07\/img-doyen-2.jpg 694w, https:\/\/www.unikin.ac.cd\/fac\/fpsysed\/wp-content\/uploads\/2023\/07\/img-doyen-2-300x249.jpg 300w\" sizes=\"(max-width: 694px) 100vw, 694px\" \/><\/figure><div class=\"wp-block-media-text__content\">\n<p><\/p>\n\n\n\n<p class=\"has-text-align-center has-white-color has-text-color has-small-font-size\" style=\"font-style:normal;font-weight:100\"><em>Monsieur <\/em><\/p>\n\n\n\n<p class=\"has-text-align-center has-white-color has-text-color\" style=\"font-size:19px\"><strong>Fernand KONDANI KOWAINDE<\/strong>,<\/p>\n\n\n\n<p class=\"has-text-align-center has-white-color has-text-color\" style=\"font-size:16px;font-style:normal;font-weight:200\"> Professeur Ordinaire <\/p>\n\n\n\n<p class=\"has-text-align-center has-white-color has-text-color has-small-font-size\" style=\"font-style:normal;font-weight:300\">Docteur en andragogie de l\u2019Universit\u00e9 de Montr\u00e9al au Canada en 1982.<\/p>\n<\/div><\/div>\n\n\n\n<div class=\"wp-block-cover is-light\"><span aria-hidden=\"true\" class=\"wp-block-cover__background has-white-background-color has-background-dim-20 has-background-dim\"><\/span><div class=\"wp-block-cover__inner-container is-layout-flow wp-block-cover-is-layout-flow\">\n<div class=\"wp-block-group is-vertical is-layout-flex wp-container-core-group-is-layout-2 wp-block-group-is-layout-flex\">\n<h2 class=\"wp-block-heading has-text-color\" style=\"color:#3418c6;font-size:29px;font-style:normal;font-weight:700\">Bibliographie r\u00e9sum\u00e9e<\/h2>\n\n\n\n<pre class=\"wp-block-verse has-background has-small-font-size\" style=\"background-color:#fbf4f4;font-style:italic;font-weight:600\">Monsieur <strong>Fernand KONDANI KOWAINDE,<\/strong> Professeur Ordinaire Docteur en andragogie de l\u2019Universit\u00e9 de Montr\u00e9al au <strong>Canada en 1982.<\/strong>\n<strong>\u00c9tudes faites :<\/strong> Primaires, Secondaires, des humanit\u00e9s gr\u00e9co-latines universit\u00e9s et (Agr\u00e9gation) jusqu\u2019au niveau du doctorat en sciences de l\u2019\u00e9duction,<\/pre>\n\n\n\n<div class=\"wp-block-group\"><div class=\"wp-block-group__inner-container is-layout-constrained wp-block-group-is-layout-constrained\">\n<ul class=\"has-background has-medium-font-size wp-block-list\" style=\"background-color:#fbf4f4\">\n<li class=\"has-small-font-size\"><strong>Option<\/strong> : Andragogie.<\/li>\n\n\n\n<li class=\"has-small-font-size\"><strong>Domaine de recherche<\/strong> : Andragogie, Gestion de l\u2019Environnement<\/li>\n\n\n\n<li class=\"has-small-font-size\"><strong>Activit\u00e9s Scientifique :<\/strong> Enseignement Universitaire, gestion acad\u00e9mique, p\u00e9dagogie universitaire<\/li>\n\n\n\n<li class=\"has-small-font-size\">Publications \n\n\n\n\n\n\n\n\n\n\n\n\n\n\n<ul class=\"wp-block-list\">\n<li><em>1. Le d\u00e9fi de l\u2019\u00c9ducation pour Tous en R\u00e9publique d\u00e9mocratique du Congo (2010), <\/em><\/li>\n\n\n\n<li>2<em>. Mbongwana mpe komisalisa,Toyekola kokoma makoki na biso,Tome1, Manuel d\u2019alphab\u00e9tisation en lingala (1998). Tome 2, (2001). (Collection \u00ab Se prendre en charge \u00bb). <\/em><\/li>\n\n\n\n<li>3<em>. Principes et M\u00e9thodes de formation des adultes Tome1(2009).<\/em> <em>Toyekola kotanga mpe kokoma, Manuel d\u2019alphab\u00e9tisation (1991) <\/em><\/li>\n<\/ul>\n\n\n\n<ul class=\"wp-block-list\">\n<li>5. De la n\u00e9cessit\u00e9 de l\u2019\u00c9ducation des adultes en Afrique, essai (1976). <\/li>\n\n\n\n<li><em>6. Commentaire des variantes dans deux \u00e9ditions de \u00ab La Veuve de corneille) (1970).<\/em><\/li>\n<\/ul>\n<\/li>\n<\/ul>\n<\/div><\/div>\n<\/div>\n<\/div><\/div>\n\n\n\n<p><\/p>\n","protected":false},"excerpt":{"rendered":"<p>Monsieur Fernand KONDANI KOWAINDE, Professeur Ordinaire Docteur en andragogie de l\u2019Universit\u00e9 de Montr\u00e9al au Canada en 1982.<\/p>\n","protected":false},"author":3,"featured_media":97,"parent":38,"menu_order":0,"comment_status":"closed","ping_status":"closed","template":"","meta":{"footnotes":""},"class_list":["post-637","page","type-page","status-publish","has-post-thumbnail","hentry"],"_links":{"self":[{"href":"https:\/\/www.unikin.ac.cd\/fac\/fpsysed\/index.php?rest_route=\/wp\/v2\/pages\/637"}],"collection":[{"href":"https:\/\/www.unikin.ac.cd\/fac\/fpsysed\/index.php?rest_route=\/wp\/v2\/pages"}],"about":[{"href":"https:\/\/www.unikin.ac.cd\/fac\/fpsysed\/index.php?rest_route=\/wp\/v2\/types\/page"}],"author":[{"embeddable":true,"href":"https:\/\/www.unikin.ac.cd\/fac\/fpsysed\/index.php?rest_route=\/wp\/v2\/users\/3"}],"replies":[{"embeddable":true,"href":"https:\/\/www.unikin.ac.cd\/fac\/fpsysed\/index.php?rest_route=%2Fwp%2Fv2%2Fcomments&post=637"}],"version-history":[{"count":55,"href":"https:\/\/www.unikin.ac.cd\/fac\/fpsysed\/index.php?rest_route=\/wp\/v2\/pages\/637\/revisions"}],"predecessor-version":[{"id":1013,"href":"https:\/\/www.unikin.ac.cd\/fac\/fpsysed\/index.php?rest_route=\/wp\/v2\/pages\/637\/revisions\/1013"}],"up":[{"embeddable":true,"href":"https:\/\/www.unikin.ac.cd\/fac\/fpsysed\/index.php?rest_route=\/wp\/v2\/pages\/38"}],"wp:featuredmedia":[{"embeddable":true,"href":"https:\/\/www.unikin.ac.cd\/fac\/fpsysed\/index.php?rest_route=\/wp\/v2\/media\/97"}],"wp:attachment":[{"href":"https:\/\/www.unikin.ac.cd\/fac\/fpsysed\/index.php?rest_route=%2Fwp%2Fv2%2Fmedia&parent=637"}],"curies":[{"name":"wp","href":"https:\/\/api.w.org\/{rel}","templated":true}]}}