{"id":21,"date":"2023-09-07T18:10:12","date_gmt":"2023-09-07T16:10:12","guid":{"rendered":"https:\/\/www.unikin.ac.cd\/fac\/medecinedentaire\/?page_id=21"},"modified":"2023-09-07T18:10:13","modified_gmt":"2023-09-07T16:10:13","slug":"programmes-de-cours","status":"publish","type":"page","link":"https:\/\/www.unikin.ac.cd\/fac\/medecinedentaire\/programmes-de-cours\/","title":{"rendered":"Programmes de cours"},"content":{"rendered":"\n<p><strong>1. Premier Bachelor<\/strong><\/p>\n\n\n\n<p>Sant\u00e9 publique g\u00e9n\u00e9rale<\/p>\n\n\n\n<p>Histoire de la m\u00e9decine&nbsp; et m\u00e9decine dentaire<\/p>\n\n\n\n<p>Chimie g\u00e9n\u00e9rale<\/p>\n\n\n\n<p>Education \u00e0 la citoyennet\u00e9<\/p>\n\n\n\n<p>Statistiques et Informatique m\u00e9dicale<\/p>\n\n\n\n<p>Logique et Expression \u00e9crite et orale<\/p>\n\n\n\n<p>Anglais m\u00e9dical<\/p>\n\n\n\n<p>Physique<\/p>\n\n\n\n<p>Math\u00e9matiques appliqu\u00e9es<\/p>\n\n\n\n<p>Anthropologie m\u00e9dicale<\/p>\n\n\n\n<p>Anatomie g\u00e9n\u00e9rale<\/p>\n\n\n\n<p>Biologie g\u00e9n\u00e9rale<\/p>\n\n\n\n<p>Chimie organique<\/p>\n\n\n\n<p>Biophysique<\/p>\n\n\n\n<p>G\u00e9n\u00e9tique<\/p>\n\n\n\n<p>Histologie g\u00e9n\u00e9rale<\/p>\n\n\n\n<p>Soins infirmiers : premiers secours<\/p>\n\n\n\n<p>Stage de soins infirmiers : premiers secours<\/p>\n\n\n\n<p><strong>2. Deuxi\u00e8me Bachelor<\/strong><\/p>\n\n\n\n<p>Anatomie sp\u00e9ciale<\/p>\n\n\n\n<p>Biochimie g\u00e9n\u00e9rale<\/p>\n\n\n\n<p>Histologie sp\u00e9ciale et buccale<\/p>\n\n\n\n<p>Biologie mol\u00e9culaire<\/p>\n\n\n\n<p>Anatomie topographique t\u00eate et cou<\/p>\n\n\n\n<p>Physiologie<\/p>\n\n\n\n<p>Embryologie<\/p>\n\n\n\n<p>Communication pour le changement social et comportemental 1<\/p>\n\n\n\n<p>Entomologie&nbsp; m\u00e9dicale\/ Malacologie<\/p>\n\n\n\n<p>Sant\u00e9 publique sp\u00e9ciale<\/p>\n\n\n\n<p>Physiopathologie<\/p>\n\n\n\n<p>Parasitologie\/ Helminthologie<\/p>\n\n\n\n<p>Biomat\u00e9riologie dentaire<\/p>\n\n\n\n<p>Anatomie de dents et arcades<\/p>\n\n\n\n<p>Dentisterie op\u00e9ratoire : Cariologie<\/p>\n\n\n\n<p>&nbsp;Proth\u00e8se dentaire: notions de base et Gnathologie<\/p>\n\n\n\n<p>Soins infirmiers<\/p>\n\n\n\n<p>Stage de soins infirmiers<\/p>\n\n\n\n<p><strong>3. Troisi\u00e8me Bachelor<\/strong><\/p>\n\n\n\n<p>Dentisterie op\u00e9ratoire : Cavitologie<\/p>\n\n\n\n<p>Chirurgie G\u00e9n\u00e9rale<\/p>\n\n\n\n<p>Anatomie pathologique g\u00e9n\u00e9rale<\/p>\n\n\n\n<p>Immunologie<\/p>\n\n\n\n<p>Microbiologie<\/p>\n\n\n\n<p>S\u00e9miologie chirurgicale<\/p>\n\n\n\n<p>Initiation \u00e0 la recherche scientifique, Informatique et recherche documentaire<\/p>\n\n\n\n<p>Pathologie m\u00e9dicale<\/p>\n\n\n\n<p>Nutrition<\/p>\n\n\n\n<p>Maladie de la bouche<\/p>\n\n\n\n<p>Parodontologie : notions de base<\/p>\n\n\n\n<p>Proth\u00e8se amovible compl\u00e8te<\/p>\n\n\n\n<p>Proth\u00e8se fix\u00e9e unitaire<\/p>\n\n\n\n<p>Stage passif puis actif en m\u00e9decine dentaire<\/p>\n\n\n\n<p>Pharmacologie g\u00e9n\u00e9rale<\/p>\n\n\n\n<p>S\u00e9miologie bucco-dentaire<\/p>\n\n\n\n<p>Biochimie sp\u00e9ciale et buccale<\/p>\n\n\n\n<p>Travail de fin de cycle<\/p>\n\n\n\n<p><strong>4. Master 1<\/strong><\/p>\n\n\n\n<p>El\u00e9ments de techniques chirurgicales&nbsp; 2 (Buccale)<\/p>\n\n\n\n<p>Dentisterie op\u00e9ratoire:&nbsp; restauration coronaire&nbsp; et&nbsp; Mat\u00e9riologie<\/p>\n\n\n\n<p>Proth\u00e8se&nbsp; fix\u00e9e&nbsp; :&nbsp; plurale<\/p>\n\n\n\n<p>Anatomie&nbsp; pathologique&nbsp; sp\u00e9ciale<\/p>\n\n\n\n<p>M\u00e9decine nucl\u00e9aire<\/p>\n\n\n\n<p>Neurologie<\/p>\n\n\n\n<p>Anglais m\u00e9dical dentaire<\/p>\n\n\n\n<p>Imagerie&nbsp; m\u00e9dicale<\/p>\n\n\n\n<p>Psychologie&nbsp; m\u00e9dicale<\/p>\n\n\n\n<p>Anesth\u00e9sie et r\u00e9animation<\/p>\n\n\n\n<p>Chirurgie orale<\/p>\n\n\n\n<p>Orthop\u00e9die dentofaciale&nbsp; :&nbsp; notion&nbsp; de&nbsp; base<\/p>\n\n\n\n<p>Parodontologie&nbsp; et&nbsp; g\u00e9rodontologie<\/p>\n\n\n\n<p>Odontologie p\u00e9diatrique&nbsp; :&nbsp; notion&nbsp; de&nbsp; base<\/p>\n\n\n\n<p>Proth\u00e8se&nbsp; amovible&nbsp; partielle<\/p>\n\n\n\n<p>Stage actif en M\u00e9decine Dentaire<\/p>\n\n\n\n<p><strong>5. Master 2<\/strong><\/p>\n\n\n\n<p>Psychiatrie<\/p>\n\n\n\n<p>Dermatologie<\/p>\n\n\n\n<p>Ophtalmologie<\/p>\n\n\n\n<p>Oto-Rhino-Laryngologie<\/p>\n\n\n\n<p>Orthop\u00e9die dentofaciale : th\u00e9rapeutique<\/p>\n\n\n\n<p>Parodontologie et Implantologie<\/p>\n\n\n\n<p>Odontologie p\u00e9diatrique : th\u00e9rapeutique<\/p>\n\n\n\n<p>Chirurgie maxillo-faciale&nbsp;<\/p>\n\n\n\n<p>Droit m\u00e9dical\/ M\u00e9decine l\u00e9gale<\/p>\n\n\n\n<p>Gestion, management dentaire et ergonomie<\/p>\n\n\n\n<p>Ethique et d\u00e9ontologie<\/p>\n\n\n\n<p>Occlusiodontie<\/p>\n\n\n\n<p>Proth\u00e8se implanto-port\u00e9e<\/p>\n\n\n\n<p>Proth\u00e8se Maxillo-Faciale<\/p>\n\n\n\n<p>Dentisterie op\u00e9ratoire : Endodontie<\/p>\n\n\n\n<p>Communication pour le changement social et comportement en sant\u00e9 2<\/p>\n\n\n\n<p>Epid\u00e9miologie et Bio-statistique clinique<\/p>\n\n\n\n<p>Urgences au cabinet dentaire<\/p>\n\n\n\n<p><strong>6. MASTER 3<\/strong><\/p>\n\n\n\n<p>STAGE<\/p>\n\n\n\n<p>Stage de proth\u00e8se dentaire<\/p>\n\n\n\n<p>Stage de dentisterie conservatrice<\/p>\n\n\n\n<p>stage de p\u00e9dodontie<\/p>\n\n\n\n<p>Stage d&rsquo;orthop\u00e9die dentofaciale<\/p>\n\n\n\n<p>Stage de chirurgie orale<\/p>\n\n\n\n<p>Stage de parodontologie<\/p>\n\n\n\n<p>Travail de fin d&rsquo;\u00e9tudes<\/p>\n","protected":false},"excerpt":{"rendered":"<p>1. Premier Bachelor Sant\u00e9 publique g\u00e9n\u00e9rale Histoire de la m\u00e9decine&nbsp; et m\u00e9decine dentaire Chimie g\u00e9n\u00e9rale Education \u00e0 la citoyennet\u00e9 Statistiques et Informatique m\u00e9dicale Logique et<\/p>\n","protected":false},"author":1,"featured_media":0,"parent":0,"menu_order":0,"comment_status":"closed","ping_status":"closed","template":"","meta":{"footnotes":""},"class_list":["post-21","page","type-page","status-publish","hentry"],"_links":{"self":[{"href":"https:\/\/www.unikin.ac.cd\/fac\/medecinedentaire\/wp-json\/wp\/v2\/pages\/21","targetHints":{"allow":["GET"]}}],"collection":[{"href":"https:\/\/www.unikin.ac.cd\/fac\/medecinedentaire\/wp-json\/wp\/v2\/pages"}],"about":[{"href":"https:\/\/www.unikin.ac.cd\/fac\/medecinedentaire\/wp-json\/wp\/v2\/types\/page"}],"author":[{"embeddable":true,"href":"https:\/\/www.unikin.ac.cd\/fac\/medecinedentaire\/wp-json\/wp\/v2\/users\/1"}],"replies":[{"embeddable":true,"href":"https:\/\/www.unikin.ac.cd\/fac\/medecinedentaire\/wp-json\/wp\/v2\/comments?post=21"}],"version-history":[{"count":1,"href":"https:\/\/www.unikin.ac.cd\/fac\/medecinedentaire\/wp-json\/wp\/v2\/pages\/21\/revisions"}],"predecessor-version":[{"id":22,"href":"https:\/\/www.unikin.ac.cd\/fac\/medecinedentaire\/wp-json\/wp\/v2\/pages\/21\/revisions\/22"}],"wp:attachment":[{"href":"https:\/\/www.unikin.ac.cd\/fac\/medecinedentaire\/wp-json\/wp\/v2\/media?parent=21"}],"curies":[{"name":"wp","href":"https:\/\/api.w.org\/{rel}","templated":true}]}}